254.
2, 7, 23
List the prime factors of 943.
23, 41
List the prime factors of 737.
11, 67
List the prime factors of 625.
5
What are the prime factors of 129406?
2, 89, 727
What are the prime factors of 2059?
29, 71
What are the prime factors of 4866?
2, 3, 811
List the prime factors of 12931.
67, 193
What are the prime factors of 70140?
2, 3, 5, 7, 167
What are the prime factors of 8335?
5, 1667
List the prime factors of 1587.
3, 23
What are the prime factors of 11833?
11833
List the prime factors of 795.
3, 5, 53
List the prime factors of 41704.
2, 13, 401
What are the prime factors of 529?
23
List the prime factors of 7828.
2, 19, 103
What are the prime factors of 8322?
2, 3, 19, 73
List the prime factors of 6227.
13, 479
What are the prime factors of 135378?
2, 3, 23, 109
What are the prime factors of 2159?
17, 127
What are the prime factors of 21058?
2, 10529
List the prime factors of 55483.
113, 491
List the prime factors of 1057.
7, 151
What are the prime factors of 46572?
2, 3, 3881
List the prime factors of 62318.
2, 31159
List the prime factors of 89489.
109, 821
List the prime factors of 20841.
3, 6947
List the prime factors of 1947.
3, 11, 59
What are the prime factors of 9327?
3, 3109
What are the prime factors of 6058?
2, 13, 233
What are the prime factors of 1379?
7, 197
What are the prime factors of 10895?
5, 2179
What are the prime factors of 817?
19, 43
List the prime factors of 659.
659
List the prime factors of 922.
2, 461
List the prime factors of 76635.
3, 5, 13, 131
List the prime factors of 947.
947
List the prime factors of 11827.
11827
List the prime factors of 122209.
122209
List the prime factors of 54702.
2, 3, 1013
List the prime factors of 4871.
4871
What are the prime factors of 774?
2, 3, 43
What are the prime factors of 8875?
5, 71
List the prime factors of 296.
2, 37
List the prime factors of 1118.
2, 13, 43
What are the prime factors of 14206?
2, 7103
What are the prime factors of 242?
2, 11
List the prime factors of 14323.
14323
List the prime factors of 24764.
2, 41, 151
What are the prime factors of 515?
5, 103
What are the prime factors of 26552?
2, 3319
What are the prime factors of 3898?
2, 1949
What are the prime factors of 15827?
7, 17, 19
List the prime factors of 41145.
3, 5, 13, 211
What are the prime factors of 312?
2, 3, 13
List the prime factors of 6260.
2, 5, 313
What are the prime factors of 12970?
2, 5, 1297
What are the prime factors of 1269?
3, 47
What are the prime factors of 4521?
3, 11, 137
List the prime factors of 21712.
2, 23, 59
List the prime factors of 2895.
3, 5, 193
What are the prime factors of 34111?
7, 11, 443
List the prime factors of 10122.
2, 3, 7, 241
What are the prime factors of 12880?
2, 5, 7, 23
What are the prime factors of 82317?
3, 23, 1193
What are the prime factors of 4099?
4099
List the prime factors of 360.
2, 3, 5
List the prime factors of 133953.
3, 44651
List the prime factors of 9526.
2, 11, 433
List the prime factors of 6926.
2, 3463
List the prime factors of 160.
2, 5
List the prime factors of 19537.
7, 2791
What are the prime factors of 2111?
2111
List the prime factors of 3915.
3, 5, 29
What are the prime factors of 71088?
2, 3, 1481
What are the prime factors of 3004?
2, 751
List the prime factors of 73119.
3, 24373
List the prime factors of 22.
2, 11
List the prime factors of 25540.
2, 5, 1277
What are the prime factors of 1682?
2, 29
What are the prime factors of 1105?
5, 13, 17
What are the prime factors of 1219?
23, 53
What are the prime factors of 869?
11, 79
What are the prime factors of 4676?
2, 7, 167
List the prime factors of 102586.
2, 11, 4663
List the prime factors of 9945.
3, 5, 13, 17
List the prime factors of 1802.
2, 17, 53
List the prime factors of 7981.
23, 347
List the prime factors of 699.
3, 233
List the prime factors of 1250.
2, 5
What are the prime factors of 60200?
2, 5, 7, 43
List the prime factors of 41496.
2, 3, 7, 13, 19
What are the prime factors of 32218?
2, 89, 181
List the prime factors of 1702.
2, 23, 37
List the prime factors of 21187.
21187
List the prime factors of 28294.
2, 7, 43, 47
What are the prime factors of 34484?
2, 37, 233
List the prime factors of 19747.
7, 13, 31
List the prime factors of 2535.
3, 5, 13
What are the prime factors of 18117?
3, 11, 61
What are the prime factors of 2413?
19, 127
List the prime factors of 204.
2, 3, 17
List the prime factors of 62826.
2, 3, 37, 283
List the prime factors of 2024.
2, 11, 23
What are the prime factors of 9359?
7, 191
List the prime factors of 117629.
19, 41, 151
List the prime factors of 589.
19, 31
What are the prime factors of 26258?
2, 19, 691
List the prime factors of 7634.
2, 11, 347
What are the prime factors of 35870?
2, 5, 17, 211
What are the prime factors of 6773?
13, 521
List the prime factors of 158.
2, 79
List the prime factors of 7066.
2, 3533
What are the prime factors of 2945?
5, 19, 31
What are the prime factors of 5403?
3, 1801
List the prime factors of 79885.
5, 13, 1229
What are the prime factors of 798?
2, 3, 7, 19
List the prime factors of 392.
2, 7
List the prime factors of 14947.
14947
What are the prime factors of 2345?
5, 7, 67
What are the prime factors of 2248?
2, 281
List the prime factors of 69794.
2, 34897
List the prime factors of 32301.
3, 37, 97
What are the prime factors of 4874?
2, 2437
List the prime factors of 758.
2, 379
What are the prime factors of 4651?
4651
List the prime factors of 28969.
59, 491
List the prime factors of 9161.
9161
What are the prime factors of 1499?
1499
List the prime factors of 39096.
2, 3, 181
List the prime factors of 3254.
2, 1627
List the prime factors of 11093.
11093
What are the prime factors of 7614?
2, 3, 47
List the prime factors of 93566.
2, 11, 4253
List the prime factors of 1065.
3, 5, 71
What are the prime factors of 30081?
3, 37, 271
What are the prime factors of 28726?
2, 53, 271
List the prime factors of 39947.
43, 929
What are the prime factors of 10365?
3, 5, 691
What are the prime factors of 8746?
2, 4373
What are the prime factors of 827?
827
List the prime factors of 2162.
2, 23, 47
List the prime factors of 19816.
2, 2477
List the prime factors of 50750.
2, 5, 7, 29
List the prime factors of 29316.
2, 3, 7, 349
What are the prime factors of 21797?
71, 307
List the prime factors of 39484.
2, 9871
What are the prime factors of 890?
2, 5, 89
List the prime factors of 1094.
2, 547
List the prime factors of 4930.
2, 5, 17, 29
List the prime factors of 513.
3, 19
What are the prime factors of 33987?
3, 11329
List the prime factors of 2053.
2053
List the prime factors of 11203.
17, 659
List the prime factors of 1064.
2, 7, 19
List the prime factors of 17.
17
List the prime factors of 62.
2, 31
What are the prime factors of 65627?
29, 31, 73
What are the prime factors of 613?
613
What are the prime factors of 261?
3, 29
What are the prime factors of 98810?
2, 5, 41, 241
List the prime factors of 11164.
2, 2791
List the prime factors of 618.
2, 3, 103
What are the prime factors of 1382?
2, 691
What are the prime factors of 1081?
23, 47
What are the prime factors of 183?
3, 61
What are the prime factors of 138?
2, 3, 23
What are the prime factors of 3347?
3347
What are the prime factors of 348?
2, 3, 29
List the prime factors of 427.
7, 61
List the prime factors of 37698.
2, 3, 61, 103
List the prime factors of 14399.
7, 11, 17
What are the prime factors of 1483?
1483
List the prime factors of 63768.
2, 3, 2657
List the prime factors of 5237.
5237
List the prime factors of 99896.
2, 12487
What are the prime factors of 95718?
2, 3, 7, 43, 53
List the prime factors of 21.
3, 7
List the prime factors of 1588.
2, 397
What are the prime factors of 82880?
2, 5, 7, 37
What are the prime factors of 1554?
2, 3, 7, 37
What are the prime factors of 2095?
5, 419
What are the prime factors of 2962?
2, 1481
What are the prime factors of 8908?
2, 17, 131
What are the prime factors of 1532?
2, 383
List the prime factors of 88254.
2, 3, 4903
What are the prime factors of 57624?
2, 3, 7
List the prime factors of 270.
2, 3, 5
List the prime factors of 64818.
2, 3, 13, 277
List the prime factors of 12054.
2, 3, 7, 41
What are the prime factors of 1890?
2, 3, 5, 7
List the prime factors of 55.
5, 11
Lis